13
Let d(p) = p**2 - 24*p + 68. Calculate d(20).
-12
Let a(j) = -j**3 - 9*j**2 + 218*j + 7. Determine a(11).
-15
Let k(i) = -i**3 - 82*i**2 + 529*i + 43. Calculate k(-88).
-45
Let c(i) = -i**3 + 22*i**2 - 45*i + 36. Give c(20).
-64
Let x(y) = 4*y + 55. Give x(8).
87
Let j(f) = -3*f**2 + 7*f + 90. Determine j(8).
-46
Let p(r) = 31*r + 2658. Give p(-86).
-8
Let j(b) = -b**3 - 7*b**2 + 265*b + 1636. Calculate j(-6).
10
Let s(x) = -6*x**3 - 108*x**2 + 98*x + 10. Give s(1).
-6
Let t(u) = 5*u**3 - 38*u**2 - 10*u + 18. Give t(8).
66
Let d(k) = -5*k**3 + 163*k**2 + 231*k + 216. Calculate d(34).
-22
Let h(d) = 580*d + 2367. What is h(-4)?
47
Let d(k) = 2*k**2 + 89*k + 494. What is d(-38)?
0
Let h(z) = -z**3 + 8*z**2 + 6*z - 66. What is h(5)?
39
Let c(h) = -31*h**2 + 5879*h + 2093. What is c(190)?
3
Let q(p) = 111*p - 16768. Determine q(151).
-7
Let r(n) = -3974*n + 55637. Give r(14).
1
Let j(q) = -66*q + 1130. Give j(17).
8
Let w(u) = -u**2 + 38*u - 391. What is w(15)?
-46
Let s(h) = -114*h - 207. What is s(-2)?
21
Let l(t) = -3*t**3 + 14*t**2 + 12*t + 19. Determine l(5).
54
Let b(s) = -1617*s + 11303. Calculate b(7).
-16
Let a(j) = 76*j**3 - 3*j - 1. Determine a(-1).
-74
Let n(l) = -639*l + 48566. Give n(76).
2
Let s(z) = 3*z**2 - 416*z - 3987. What is s(-9)?
0
Let l(y) = -y**3 + y**2 - y + 577. Give l(0).
577
Let y(n) = n**3 + 18*n**2 - 56*n + 111. Calculate y(-21).
-36
Let m(q) = -6*q**2 + 125*q - 197. Give m(19).
12
Let q(p) = -p**2 - 113*p - 1300. Calculate q(-100).
0
Let r(b) = 180*b - 3591. Give r(20).
9
Let q(s) = 529*s + 4237. Give q(-8).
5
Let z(v) = -221*v - 11. Determine z(1).
-232
Let y(s) = s**3 + 65*s**2 + 300*s + 54. Determine y(-60).
54
Let r(g) = 304*g + 2093. Calculate r(-7).
-35
Let q(y) = -17*y**2 - 21*y + 45. Give q(2).
-65
Let z(m) = -m**3 + 7*m**2 - 86*m - 2. Give z(0).
-2
Let g(t) = 382*t - 6279. Determine g(16).
-167
Let p(b) = -b**3 + 44*b**2 - 90*b + 269. What is p(42)?
17
Let y(p) = 15*p**2 - 1888*p - 337. Calculate y(126).
-85
Let c(r) = 15*r - 507. Calculate c(26).
-117
Let j(y) = -1909*y + 17179. Calculate j(9).
-2
Let k(v) = -v**2 + 14*v - 65. What is k(22)?
-241
Let r(c) = -11*c - 559. What is r(-40)?
-119
Let w(y) = 2*y**3 + 10*y**2 - 73*y - 24. Determine w(-9).
-15
Let w(q) = -12*q - 584. Determine w(-51).
28
Let k(c) = c**2 + 59*c + 765. What is k(-40)?
5
Let h(l) = 3*l**3 + 5*l**2 - 4*l. What is h(-2)?
4
Let u(o) = -o**3 - 7*o**2 - 290*o - 834. Give u(-3).
0
Let w(i) = -i**3 + 9*i**2 - 15*i + 34. Give w(9).
-101
Let m(t) = -t**3 + 29*t**2 - 4*t - 6. Give m(29).
-122
Let w(h) = -11*h**3 + 4*h**2 - 2*h. What is w(2)?
-76
Let h(b) = 12*b + 33. What is h(22)?
297
Let a(i) = -2*i**2 + 46*i - 65. Calculate a(11).
199
Let t(s) = 2*s**3 + 2*s**2 - 19*s - 13. What is t(-4)?
-33
Let o(a) = 101*a - 1212. Determine o(12).
0
Let q(t) = 4*t + 139. What is q(-11)?
95
Let x(n) = -58*n - 331. What is x(-6)?
17
Let o(g) = -67*g - 1477. Give o(-22).
-3
Let c(m) = -118*m**2 - 247*m + 2. What is c(-2)?
24
Let v(m) = -141*m + 147. Calculate v(3).
-276
Let m(y) = -599*y - 41347. Calculate m(-69).
-16
Let h(o) = -15*o**2 - 56*o - 5. Determine h(-4).
-21
Let h(y) = -y**3 + 13*y**2 + 300*y + 53. Determine h(-12).
53
Let q(i) = i**3 - 7*i**2 - 7*i - 43. Calculate q(9).
56
Let s(b) = -2*b**2 - 100*b - 1213. Calculate s(-28).
19
Let t(o) = 3*o**3 - 152*o**2 + 93*o - 5. Give t(50).
-355
Let n(q) = q**3 - 11*q**2 + 29*q - 15. Give n(8).
25
Let v(d) = -2*d**2 + 12*d + 122. Calculate v(-6).
-22
Let o(w) = -4*w**3 - 97*w**2 - 28*w - 54. What is o(-24)?
42
Let p(u) = -30*u**2 + 208*u + 12. Give p(7).
-2
Let q(c) = 3*c**3 + c**2 - 24*c - 7. Calculate q(-3).
-7
Let c(m) = -991*m - 974. Give c(-1).
17
Let x(p) = 30*p**3 - 9*p**2 - 12*p + 33. Calculate x(-3).
-822
Let c(m) = 71*m + 66. Calculate c(-1).
-5
Let o(q) = -996*q - 16971. Determine o(-17).
-39
Let v(t) = 57*t - 104. What is v(7)?
295
Let s(q) = -12*q - 319. Calculate s(-12).
-175
Let j(c) = 3*c**3 - 4*c**2 + 7*c + 7. Calculate j(4).
163
Let w(y) = -4*y**2 - 350*y - 7491. Give w(-50).
9
Let t(l) = -3*l**2 - 232*l + 4. Determine t(0).
4
Let o(q) = 2*q**3 + 36*q**2 + 167*q - 3. Determine o(-6).
-141
Let q(h) = -h**3 - 46*h**2 + 74*h + 46. Give q(2).
2
Let o(y) = -y**3 - 176*y**2 + 489*y + 23665. Give o(-178).
-9
Let a(m) = m**2 + 276*m - 13359. Calculate a(-318).
-3
Let c(u) = 7*u**2 + 103*u - 309. What is c(3)?
63
Let c(z) = 37*z + 1. Calculate c(1).
38
Let c(b) = 3*b**2 - 177*b - 3071. What is c(73)?
-5
Let r(d) = -3*d**2 - 46*d + 100. Give r(2).
-4
Let z(j) = -j**3 + 5*j**2 + 5*j + 8. Give z(6).
2
Let x(t) = t**3 - 2*t**2 - t + 13. Determine x(3).
19
Let w(f) = 152*f - 2437. Calculate w(16).
-5
Let x(v) = -v**3 + 22*v**2 + 128*v - 3360. Give x(20).
0
Let u(c) = -30*c**2 - 4*c - 2. Calculate u(2).
-130
Let p(x) = x**3 - 12*x**2 - 38*x + 571. Give p(10).
-9
Let u(z) = 3*z**3 + 22*z**2 - 35*z + 33. Give u(1).
23
Let w(x) = 9*x - 86. Determine w(10).
4
Let u(p) = 2*p**3 - 25*p**2 + 66*p - 9. Determine u(4).
-17
Let i(p) = 229*p - 3552. Give i(15).
-117
Let f(c) = 97*c + 32. Calculate f(1).
129
Let a(o) = 896*o - 4497. Give a(5).
-17
Let u(a) = -78*a + 2502. Give u(32).
6
Let f(x) = -10*x**2 + 50*x + 3. Determine f(5).
3
Let a(w) = -w**3 + 2*w**2 + 627*w + 48. Determine a(-24).
-24
Let a(z) = 33*z**2 + 9*z + 7. What is a(-1)?
31
Let a(x) = -6354*x + 12711. Calculate a(2).
3
Let y(d) = 38*d + 908. What is y(-23)?
34
Let b(f) = 3*f + 173. Give b(-53).
14
Let u(z) = z**3 + 16*z**2 - 116*z - 715. Calculate u(-20).
5
Let y(b) = -46*b**2 + 6*b - 30. Calculate y(3).
-426
Let v(q) = 5*q**3 + 2*q**2 + 22*q + 23. Determine v(-1).
-2
Let v(c) = 24*c - 479. Calculate v(0).
-479
Let i(m) = 4*m. Calculate i(-9).
-36
Let r(l) = -5*l**3 + 29*l**2 + 78*l - 252. Calculate r(7).
0
Let r(j) = j**3 - 31*j**2 - 2*j - 106. What is r(31)?
-168
Let c(d) = 2*d**3 + 12*d**2 - 55*d - 267. What is c(-5)?
58
Let y(g) = -2*g**3 + 108*g**2 - 2*g + 231. Calculate y(54).
123
Let a(w) = 2*w**3 - 76*w**2 - 86*w + 309. What is a(39)?
-3
Let c(x) = x**3 + 73*x**2 + 403*x + 83. What is c(-67)?
16
Let a(q) = 5*q**3 - 31*q**2 - 33*q + 26. What is a(7)?
-9
Let l(b) = -1206*b - 9643. What is l(-8)?
5
Let f(i) = -50*i - 156. What is f(-3)?
-6
Let v(k) = 3*k**2 + 331*k + 9088. Determine v(-59).
2
Let x(c) = 31*c**3 + 2291*c**2 - 219*c + 220. What is x(-74)?
-2
Let o(l) = -l**3 + 8*l**2 - 3*l - 50. Give o(11).
-446
Let a(h) = -76*h + 254. Calculate a(4).
-50
Let k(o) = -4*o**2 - 216*o + 18. Calculate k(-54).
18
Let o(k) = -859*k - 850. Give o(-1).
9
Let y(h) = -6*h**3 + h**2 + 19*h + 18. Calculate y(-1).
6
Let i(o) = 5*o + 194. Calculate i(-35).
19
Let v(g) = -g**3 - 6*g**2 - 28*g + 26. What is v(0)?
26
Let a(h) = -h**2 + 15*h - 191. Calculate a(22).
-345
Let z(n) = -n**3 + 2*n**2 - 3*n - 40. Determine z(-3).
14
Let b(w) = 2*w**3 - 25*w**2 + 63*w + 14. Determine b(5).
-46
Let k(q) = q**3 - 5*q**2 - 122*q - 56. What is k(14)?
0
Let n(f) = 134*f + 1607. Give n(-12).
-1
Let m(r) = -r**3 - 11*r**2 + 16*r + 5. Give m(-13).
135
Let w(l) = 183*l**2 + 23*l + 22. Give w(-1).
182
Let f(g) = 17*g - 1782. Determine f(105).
3
Let g(c) = -10*c**2 + 149*c - 540. Give g(5).
-45
Let y(r) = 28*r**2 + 35*r + 108. What is y(-3)?
255
Let r(a) = a**3 - 11*a**2 + 3*a + 58. What is r(5)?
-77
Let j(w) = -35*w - 58. What is j(-2)?
12
Let h(o) = o**3 - 61*o**2 + 179*o - 218. What is h(58)?
72
Let h(f) = f**3 - 7*f**2 - 89*f + 665. Calculate h(9).
26
Let j(i) = -8*i**2 + 22*i - 44. Give j(2).
-32
Let z(d) = -d**3 - 11*d**2 + 40*d + 507. Calculate z(-10).
7
Let s(u) = 69*u - 316. Calculate s(5).
29
Let v(o) = 1153*o - 19601. What is v(17)?
0
Let h(n) = -2*n**3 + 49*n**2 + 5*n + 499. Give h(25).
-1
Let c(a) = a**3 - 45*a**2 - 81*a - 581. Determine c(47).
30
Let t(u) = -u**3 - 12*u**2 + 27*u + 16. Determine t(-13).
-166
Let c(y) = -y**3 + 6*y**2 - 9*y + 4. Calculate c(8).
-196
Let k(r) = -2*r**3 - 116*r**2 - 8. Calculate k(-58).
-8
Let r(p) = -33*p + 1405. What is r(43)?
-14
Let v(m) = -m**2 + 5201*m - 31160. What is v(6)?
10
Let u(g) = -g**3 + 39*g**2 + 29*g + 18. Give u(40).
-422
Let x(f) = 1224*f + 57536. What is x(-47)?
8
Let g(t) = 2*t**3 - 39*t**2 - 165*t + 54. Determine g(23).
-38
Let v(t) = -t**3 + 9*t**2 - 20*t + 119. Calculate v(0).
119
Let u(f) = 20*f**2 + 1